c + 34 = 5*t, 2*t + 5*c = 25. Suppose t*z - q = 93, 2*z + 3*q - 12 = 32. What is the highest common factor of z and 19?
19
Let p(v) = 460*v - 1886. Let n be p(6). What is the highest common factor of 19 and n?
19
Suppose 4*o = 3*o + 4*i + 235, 0 = -5*o + 2*i + 1085. Let f = o + -158. What is the greatest common divisor of 38 and f?
19
Suppose 35774 + 585 = 4*n + i, -i = -3. What is the greatest common divisor of n and 149?
149
Let l(q) = -4 + 18*q**3 + 12*q**3 - 2*q**2 - 193*q + 95*q + 0*q**2 + 92*q. Let m be l(2). Calculate the greatest common divisor of 18 and m.
18
Suppose 108 = 4*y - 4*i, -2*i - 120 = -106. Calculate the greatest common factor of 148 and y.
4
Let p be 0/(-14) - (34/(-2) + -1). Let t = p + 153. What is the highest common factor of 38 and t?
19
Suppose -14992 + 2212 = -90*h. What is the highest common divisor of 7313 and h?
71
Let v(o) = 21*o**2. Let f be v(-1). Let s = 505 + -316. What is the highest common factor of s and f?
21
Let z = 830 + -830. Suppose z = 16*b + 12*b - 8680. Calculate the highest common divisor of 5 and b.
5
Suppose -1695*b = 1740*b - 3510*b + 49950. Let a be -36*(-1 - 2/(-4)). What is the highest common divisor of a and b?
18
Let c = -104 - 309. Let b = c + 701. What is the greatest common divisor of b and 64?
32
Let c be 693/77 + (1653 - -2). What is the greatest common divisor of c and 13?
13
Suppose -5*d + 2*v = -0*v - 1667, 5*v = 4*d - 1337. Suppose -t - 3*n = -111, -d = -5*t + 2*t - n. Calculate the highest common factor of t and 259.
37
Let g = 38 + -79. Let o = 57 + g. Let q(k) = -k**3 + 17*k**2 - 12*k - 22. Let v be q(o). Calculate the greatest common divisor of v and 12.
6
Suppose 4*z + 7 = 7*w - 10*w, 0 = w + 5. Suppose b - 96 = -z*b. Let n be ((-1)/3)/(-1)*12. What is the highest common divisor of n and b?
4
Suppose -14*p + 218 + 1014 = 0. What is the greatest common divisor of p and 1012?
44
Suppose 5*d - 9 - 16 = 0. Let c be (2 + d)*18/21. Suppose -7*k + c*k + 18 = 0. What is the greatest common factor of 12 and k?
6
Let p(r) = -16*r - 109. Let m be p(-11). Suppose 5*d + m = 397. Calculate the highest common divisor of d and 22.
22
Let i = -9628 - -10364. Suppose -140 = -0*u - 4*u + 3*t, -5*u - 5*t + 140 = 0. Calculate the greatest common divisor of u and i.
32
Let z be (-88)/(((-9)/(-6))/((-1)/(-4)*-3)). What is the highest common divisor of 16 and z?
4
Let c be 6 + (10 - 6 - -252). What is the highest common factor of 2 and c?
2
Suppose -u + 920 = w, 574*w + 4*u = 578*w - 3640. Calculate the greatest common factor of 165 and w.
15
Let d = 125 - 188. Let z = 89 + d. Calculate the highest common divisor of 182 and z.
26
Let a = 18 + -10. Suppose -5*w + 68 = j, -2*j - 5*w + 136 = -0*j. Let b = 76 - j. What is the greatest common divisor of a and b?
8
Let w(f) = 2*f - 8. Let q be w(6). Let v(h) = 44*h**2 + 3*h + 11. Let l be v(q). Let u = l - 471. Calculate the highest common factor of u and 32.
32
Let h = -104 + 106. Suppose 44*a - h = 43*a. Suppose 4*x - 38 = -a*t, -2*x - t - 3*t = -16. Calculate the highest common factor of 90 and x.
10
Suppose -n + 1163 = 6*j + 247, 4*j - n - 614 = 0. Let q be (-153)/(-6)*(-2)/(-3). What is the greatest common divisor of j and q?
17
Let w = -1236 + 1651. Calculate the greatest common divisor of w and 10.
5
Let t(u) = 9*u - 7. Let x be t(0). Let r be (8*3)/(-9 + 10). Let m = r + x. Calculate the highest common factor of 85 and m.
17
Let o be 3/(90/16 + -4 + -2). Let u be 2/4*(1020/10 - o). Calculate the highest common divisor of 77 and u.
11
Let l(b) = 2*b**2 + 3*b - 83. Let i be l(-13). Let w = 27 - 3. What is the greatest common factor of w and i?
24
Let s be (-1 - -4)*((-330)/36)/(8/(-64)). What is the highest common divisor of s and 60?
20
Let r be (-4)/(-5) + -15 + (-2226220)/(-100). What is the highest common factor of 18 and r?
18
Suppose 0 = -3*c, -c = 4*m - 2*m - 42. Suppose -14*h + m - 7 = 0. Suppose 32 + h = 3*u - 3*t, -3*u - 3*t = -15. What is the greatest common divisor of u and 36?
4
Suppose 18145*j = 18162*j - 2431. Let n = 46 + -20. What is the highest common factor of n and j?
13
Let s = -102 - -104. Suppose 6*p + u = 3*p + 234, -78 = -p - s*u. What is the greatest common factor of p and 52?
26
Let z be 41323/155 + -1*12/20. Suppose 4*y = 8, 4*w - w = -4*y + 236. Calculate the highest common factor of w and z.
38
Let r = -2 + 7. Suppose 3*w = 5*x - 9, 5*w - 12 - 10 = -4*x. Calculate the highest common factor of x and r.
1
Suppose 0 = -6*x - 10*x + 2720. Let q = 4 + 30. Calculate the greatest common divisor of q and x.
34
Let a(y) = 20*y**2 - 1601*y + 4791. Let v be a(3). Suppose -4*c + 51 + 45 = 2*t, -5*c = -3*t + 111. Calculate the greatest common divisor of t and v.
42
Let m(r) = r**2 + 15*r + 282. Let j be m(-22). Calculate the highest common factor of j and 12.
4
Let m = 2493 + -2385. Let n = 245 - 89. What is the greatest common divisor of m and n?
12
Suppose 456 = 3*k - 3*g, 5*g - 536 = 384*k - 388*k. What is the highest common factor of 2832 and k?
48
Let y be (3/(-4))/((-7)/672). Let c(q) = -q**3 - 43*q**2 + 192*q + 197. Let a be c(-47). Calculate the greatest common factor of y and a.
9
Let x = 1756 - 1676. What is the highest common divisor of x and 512?
16
Let b(t) = -3228*t + 13315. Let l be b(4). Suppose -y - 155 = -6*y. Calculate the highest common factor of l and y.
31
Let j(q) = -q**3 + 15*q**2 + 7*q + 16. Suppose 5*m - 2*m - 3*d = 45, 2*m - 30 = 3*d. Let r be j(m). Calculate the greatest common factor of 22 and r.
11
Suppose 8*d = 4*d + 8. Suppose -k + 4*k = 12. Suppose d*f - s - 174 - 243 = 0, -f = -k*s - 219. Calculate the greatest common factor of 23 and f.
23
Suppose -18 = -2*w + 2*o, -24 = -w + 508*o - 512*o. Calculate the greatest common factor of 324 and w.
12
Let p(m) = 218*m - 411. Let a be p(9). Calculate the highest common factor of 987 and a.
141
Let a(x) = 2*x**3 + 11*x**2 - 17*x - 6. Let d be a(-7). Let s be 24*-12 - 11/11. Let v be s/d + 3/(-2). What is the highest common divisor of v and 7?
7
Suppose 4*c - 100 = -4*m, 40 = m - 3*c - 5. Let f = -23 + m. What is the highest common factor of f and 1?
1
Let v(p) = p**3 + 5*p**2 + 2*p + 2. Let d be v(-3). Let j be ((d - -2)*-1)/((-12)/72). What is the greatest common divisor of 24 and j?
24
Suppose 2027 = 2*x - 0*n - n, -3*n = 3*x - 3054. Let c = x + -502. What is the greatest common divisor of 57 and c?
57
Let q be (308/140 - 3) + (-214)/(-5). Let l(p) = -3*p - 5. Let k be l(-5). Let u = k + -4. Calculate the highest common divisor of q and u.
6
Suppose -w = -n + 9, -4*n + w + 49 = 19. Let k(d) = 5*d - 17. Let l be k(2). Let v be (l/3 - -7)*33/2. What is the highest common factor of v and n?
7
Suppose -3*a + 72 = 17*i - 15*i, a + 4*i - 14 = 0. Calculate the greatest common divisor of a and 2522.
26
Suppose 1269 = 5*m + 4*k, 3*m + 5*k = 268 + 496. Calculate the greatest common divisor of m and 55.
11
Let u(z) = z**2 - 23*z + 154. Let v be u(7). Let h = 12 + -6. What is the highest common divisor of h and v?
6
Let o = 609 - -275. Calculate the greatest common factor of 936 and o.
52
Let t be (-33)/(-2)*7 - ((-915)/122)/5. Let d be 776/10 + (-2)/(-5). Calculate the highest common factor of t and d.
39
Let o = 718 + 1212. Calculate the greatest common divisor of 10 and o.
10
Suppose -7*q + 6207 = 1055. Calculate the greatest common divisor of 1196 and q.
92
Suppose w = -2*w + 4*t + 17, 15 = 2*w + t. Suppose -27 = -p - w. Let d = -849 - -1069. Calculate the highest common factor of p and d.
20
Let a be 450 - (-119)/68*8. What is the highest common factor of 176 and a?
16
Let l(b) = 40*b**3 - 3*b**2 + 2*b - 1. Let t = -65 + 66. Let j be l(t). What is the greatest common factor of j and 57?
19
Suppose -2*w - 1 = 4*o - 77, -3*o + 5*w = -83. Let b be (2 - 0) + 3*(-14)/o. Let h be (-1 - b - 0)/(15/(-1485)). What is the highest common factor of h and 33?
33
Let u be 8/(-44) - (-3893)/(-187). Let b(m) = -10*m - 171. Let d be b(u). What is the highest common factor of 195 and d?
39
Let l(q) = -4*q**2 + 12*q + 67. Let r be l(-4). Let a be (32/(-5))/(4 + 186/r). Calculate the greatest common divisor of a and 12.
12
Suppose 173*d - 9608 = 4892 - 4120. Calculate the highest common divisor of 18 and d.
6
Let y be -2*(2/15 + 1817/(-690)). Suppose 80 = 10*i - y*i. What is t